 Suppose -9 = f - 4. What are the prime factors of o(f)?
2, 3, 5
Suppose -5*r + 47 = -18. Suppose -d + 38 = r. Let t = d - 18. What are the prime factors of t?
7
Suppose -9*c = -3836 - 1546. List the prime factors of c.
2, 13, 23
Suppose -7*o + 15*o = 32. List the prime factors of 135/1 + o + (-5 - -3).
137
Let d be ((-4)/(24/(-3)) + -1)*4. List the prime factors of (d - 16/(-4))/(4/42).
3, 7
Let a(s) = 83*s**2 - 2*s - 1. Let y be a(-1). Suppose -3*q + 2*q = -3*o + y, -q = 2*o - 61. What are the prime factors of o?
29
Let w(g) = -g**3 - 7*g**2 - g + 1. Let z be w(-7). Let r(p) be the first derivative of -p**3/3 + 11*p**2/2 + 3*p - 89. List the prime factors of r(z).
3
Let j = 99 - -13. Suppose -3*l = 4*l - j. Suppose -18*n + l*n = -74. List the prime factors of n.
37
Suppose -4*o + 3460 = -808. What are the prime factors of o?
11, 97
Let c(l) = l**2 + 11*l + 111. List the prime factors of c(20).
17, 43
Suppose 8981 + 6089 = 22*v. What are the prime factors of v?
5, 137
Let s(j) = -24*j**3 - 4*j**2 - 18*j - 6. List the prime factors of s(-3).
2, 3, 5, 11
Let m(z) = z**2 - 14*z - 19. Suppose 2*g - 22 - 16 = 0. List the prime factors of m(g).
2, 19
Let w be (8 + -3)*15/25. List the prime factors of w/(-9) + (-1865)/(-15).
2, 31
Let z(g) = 14*g - 49. Let n be z(7). Suppose 0 = -2*o - n + 349. What are the prime factors of o?
2, 3, 5
Suppose 3*o - 13 = -4. Suppose -4*s - 273 = -o*f, 0*s - 426 = -5*f - 3*s. List the prime factors of f.
3, 29
Let c(a) = -79*a - 7. Let j be c(-5). Suppose 253 = 4*x + 5*u, j - 138 = 4*x + 2*u. What are the prime factors of x?
2, 31
Suppose -11*z + 9*z + 738 = 0. List the prime factors of z.
3, 41
Let h be 4 - (1 - -3 - -50). Let z = 73 + h. List the prime factors of (4/(-4) - -2) + z.
2, 3
Let b(z) = 3*z**2 - 2*z - 2. Suppose 0 = 4*a + 3*r - 98 + 2, 0 = 4*r + 16. Let j = 29 - a. What are the prime factors of b(j)?
2, 3
Suppose 12 = 2*b - 0*l - l, 3*b - 2*l = 18. Suppose 0 = -5*a - 20, 3*x - 9 = b*x + 3*a. What are the prime factors of -39*(15/(-9) + x)?
2, 13
Let x(w) = 181*w - 69. List the prime factors of x(2).
293
Let p(j) = -j**3 - 38*j**2 - 53*j + 1. List the prime factors of p(-38).
5, 13, 31
Let p(r) = -r**2 - 18*r + 3. Let a be p(-18). Suppose -4*k + 7 = a. Let d = k + 16. What are the prime factors of d?
17
Suppose -2*i - 5*j + 932 = 0, -2*i - 4*j + 9*j = -932. What are the prime factors of (-6)/9 + (i/6 - 2)?
3, 5
Suppose k - o - 3*o - 5 = 0, 5*k + 5*o = 25. Let s(w) = 5*w + 16. What are the prime factors of s(k)?
41
Suppose 2*j = 3*j + 4*d - 246, 2*d - 10 = 0. What are the prime factors of j?
2, 113
What are the prime factors of ((-606882)/(-164))/(6/4)?
2467
Suppose 0 = -9*g + 7*g + r + 1153, -r = -5*g + 2878. List the prime factors of g.
5, 23
Let v be (-1 + (-12)/(-8))*0. Let z(s) = -5*s**2 + 7 + v - s**3 + 13*s**2 - 3*s. What are the prime factors of z(7)?
5, 7
Let n(j) = 11*j**3 - 11*j**2 + j + 13. List the prime factors of n(4).
5, 109
Let h be 1 - (1 + 4) - -4. Suppose h = c - 5*r + 17, 0*c + r + 11 = 2*c. Suppose 2*p + 4*f - 96 = -2*p, 0 = 2*f - c. List the prime factors of p.
2, 5
List the prime factors of 1193/5 - (-8)/20.
239
Suppose 6747 + 1393 = 5*z. List the prime factors of z.
2, 11, 37
Suppose 0 = -5*n + 61 - 11. List the prime factors of 24 - (-5)/(n/4).
2, 13
What are the prime factors of 14/(-245) - 27835/(-175)?
3, 53
Let x be -2*375/18 + (-4)/12. Let s = -6 - x. List the prime factors of s.
2, 3
Suppose -3*w + 223 = -2*l, 468 = -3*l + 5*w + 131. Let i = 194 + l. List the prime factors of i.
2, 3, 5
Suppose -21 = -4*u + 27. Let c = 47 - u. Suppose 4*z - c = -z. List the prime factors of z.
7
Let a(t) = 98*t - 241. What are the prime factors of a(22)?
5, 383
List the prime factors of (-3 - 3/(-2))/((-3)/196).
2, 7
Let h(d) = d + 4. Suppose 3*m = -m - 12. Let n be h(m). List the prime factors of -1*(-76)/4 - n.
2, 3
Let g(l) = -5*l**3 - 3*l**2 - l. Let k(y) = -y + 2. Let q be k(-4). Let f be (21/(-14))/(q/8). List the prime factors of g(f).
2, 3, 5
Suppose 15*z = 16*z. Let f(j) = 2 + j - 3*j**2 + z + 5*j**3 - 6*j**3 - 4*j. What are the prime factors of f(-3)?
11
Suppose 1002 = -23*g + 26*g + 4*i, 1335 = 4*g + 5*i. List the prime factors of g.
2, 3, 5, 11
Let a be (-2)/(-1 - (4 + -4)). Suppose 0 = -5*f + 2*f + a*q, 0 = -f - 3*q. Suppose 3*y - 204 = -f*y. List the prime factors of y.
2, 17
Let h(k) = -4*k. Let f be h(-1). Suppose 3*c - 4*c + f = 0. List the prime factors of 1/c - 214/(-8).
3
Let c = -199 - -57. Let h = c - -255. List the prime factors of h.
113
Let x(f) = -3*f**3 - 13*f**2. List the prime factors of x(-6).
2, 3, 5
Suppose 11 - 5 = 3*b. Suppose b*n + 0*w - 37 = -w, 2*n - 35 = w. Let l = -12 + n. What are the prime factors of l?
2, 3
Suppose -3*y - 3 = 0, 9*y - 4*y + 3995 = 5*m. List the prime factors of m.
2, 3, 7, 19
Let r = 144 - -787. List the prime factors of r.
7, 19
Let l(h) = h**3 + 18*h**2 - 10*h + 32. List the prime factors of l(-18).
2, 53
Suppose s + 0 = -3, 5*s + 2680 = 5*b. List the prime factors of b.
13, 41
Let n(h) = 18*h**3 + 5*h**2 - 3*h + 17. What are the prime factors of n(4)?
1237
Suppose -37*b + 40*b + 663 = g, 5*g + 5*b = 3415. What are the prime factors of g?
2, 3, 113
Suppose 0 = -5*u + 3*h + 29 - 4, -2*u = 4*h + 16. Suppose 2*x = u*n + 1 + 21, -8 = 3*n + 2*x. What are the prime factors of (16/n)/((-10)/15)?
2
Let c be 2/(-4)*(-8 - 2). Suppose -5*r - 3*h = -100, -3*r + c*h - 12 = -72. What are the prime factors of r?
2, 5
Let x(w) = 2*w + 16. Let a be x(-9). What are the prime factors of -5*(0 - -2)*21/a?
3, 5, 7
Suppose 4*j + 4*l = 16, 5*l - 10*l = -4*j - 2. List the prime factors of 4*4 + 6/j.
19
Suppose 0 = v - 4 - 13. Suppose -63 = -4*c + v. Suppose c = 4*n, -3*x = -4*x - 4*n + 29. What are the prime factors of x?
3
Let o(l) = -7*l + 5*l**2 + 52 + 8*l + 17*l - 3*l**2. List the prime factors of o(-9).
2, 13
Suppose -2 = -2*n + 8. Let c be (-3)/(-15) - 81/n. List the prime factors of c/5*1*-5.
2
Let b = -15 + 27. Suppose -p - p + b = 0. List the prime factors of (-284)/(-10) - p/15.
2, 7
Let t(v) = 12*v**2 - 32*v - 264. What are the prime factors of t(-10)?
2, 157
Let i(c) = -3*c**3 - 12*c**2 + 9*c + 15. Let p(j) = j**3 - j**2. Let q(d) = -i(d) - 2*p(d). What are the prime factors of q(-14)?
3, 37
Let c(s) = 3*s + 3. Let g be c(3). Suppose m + 8 = 3*t, -6*m + 3*m = 3*t - g. Suppose u + 5*o - 41 = -0*u, 0 = 2*u - t*o - 30. List the prime factors of u.
3, 7
Let n(r) be the third derivative of 1/2*r**4 + 8/3*r**3 + 0 + 7*r**2 + 1/60*r**5 + 0*r. List the prime factors of n(-11).
5
Suppose 3*d + 1992 = 3*o, 5*o - 9*d + 7*d = 3317. List the prime factors of o.
3, 13, 17
Let j be 8/(-6)*(-2 - 1). Let g(y) = 2 + 0 - 18*y + 16*y - j*y**2 - y**3. List the prime factors of g(-5).
37
Suppose 4*x - 3 = 5. Suppose -x*n + 0*n + 9 = 3*g, -5*g + 4*n = -15. Suppose -t = -g*f + 4, 5 = -2*f - 2*t + 21. What are the prime factors of f?
3
Let k = -21 + 11. Let h = k + 10. Suppose h*o - o + 5 = 0. List the prime factors of o.
5
Let f(j) = 44*j - 9. Let s(g) = -g**3 - 9*g**2 - 8*g + 5. Let z be s(-8). List the prime factors of f(z).
211
Let b(l) = -l + 6. Let v be b(4). List the prime factors of -21*v/(-3)*1.
2, 7
Suppose -2*h + 622 - 181 = 5*f, 0 = -5*h + 15. Suppose 0 = l - 2, 0 = g - l - f. Suppose 5*t = g + 51. What are the prime factors of t?
2, 7
Let o = -1040 - -1941. What are the prime factors of o?
17, 53
Suppose 2*s = 5*w + 584, 5 = -w + 3. List the prime factors of s.
7, 41
Let s(t) = -t**2 + t + 40. Let l be s(7). List the prime factors of (65/(-10))/(l - 43/(-22)).
11, 13
What are the prime factors of (2 - 42/12)*8380/(-15)?
2, 419
Suppose -5*s - 5*c = -10, -2*c - 17 = -4*s - 39. Suppose 5*o - r = -178, -4*o - 202 = -3*r - 64. What are the prime factors of s*4/(o/165)?
5, 11
Let a be 1 - (-5)/((-5)/(-14)). Suppose 0 = 17*c + 5*c + 22. Let n = c + a. What are the prime factors of n?
2, 7
Let q be 10/4 + 6/4. Suppose -397 = -q*g - g - 4*z, 2*z + 247 = 3*g. What are the prime factors of g?
3
Let f = 26 - 27. What are the prime factors of -3 - 61/f*4/2?
7, 17
Let c(y) = -74*y + 0 + 82*y + 5. What are the prime factors of c(7)?
61
Suppose -3*p - 18 = -0*p. Let q be 354/18 - (-4)/p. Suppose 0 = -0*j - j + q. List the prime factors of j.
19
Let m(z) be the second